What are the prime factors of 30893?
30893
List the prime factors of 5013.
3, 557
List the prime factors of 53655.
3, 5, 7, 73
What are the prime factors of 23066?
2, 19, 607
List the prime factors of 490.
2, 5, 7
What are the prime factors of 127?
127
List the prime factors of 946.
2, 11, 43
What are the prime factors of 136?
2, 17
List the prime factors of 3154.
2, 19, 83
What are the prime factors of 66811?
71, 941
What are the prime factors of 22929?
3, 7643
List the prime factors of 6384.
2, 3, 7, 19
List the prime factors of 20859.
3, 17, 409
What are the prime factors of 21826?
2, 7, 1559
What are the prime factors of 683?
683
List the prime factors of 9160.
2, 5, 229
List the prime factors of 3730.
2, 5, 373
What are the prime factors of 5691?
3, 7, 271
What are the prime factors of 57202?
2, 37, 773
What are the prime factors of 5749?
5749
List the prime factors of 1455.
3, 5, 97
What are the prime factors of 7683?
3, 13, 197
What are the prime factors of 8165?
5, 23, 71
List the prime factors of 2168.
2, 271
List the prime factors of 17030.
2, 5, 13, 131
List the prime factors of 4149.
3, 461
What are the prime factors of 35603?
35603
What are the prime factors of 264?
2, 3, 11
What are the prime factors of 2520?
2, 3, 5, 7
What are the prime factors of 2397?
3, 17, 47
What are the prime factors of 6119?
29, 211
What are the prime factors of 8299?
43, 193
List the prime factors of 18635.
5, 3727
What are the prime factors of 10533?
3, 3511
List the prime factors of 7449.
3, 13, 191
What are the prime factors of 2334?
2, 3, 389
What are the prime factors of 5374?
2, 2687
What are the prime factors of 1246?
2, 7, 89
What are the prime factors of 126484?
2, 103, 307
What are the prime factors of 3829?
7, 547
What are the prime factors of 3101?
7, 443
What are the prime factors of 1895?
5, 379
What are the prime factors of 22888?
2, 2861
What are the prime factors of 35017?
19, 97
List the prime factors of 9372.
2, 3, 11, 71
List the prime factors of 24977.
24977
What are the prime factors of 1637?
1637
What are the prime factors of 195191?
47, 4153
List the prime factors of 34043.
59, 577
What are the prime factors of 22829?
37, 617
List the prime factors of 15240.
2, 3, 5, 127
What are the prime factors of 147956?
2, 47, 787
List the prime factors of 134.
2, 67
What are the prime factors of 179?
179
What are the prime factors of 23301?
3, 863
What are the prime factors of 807?
3, 269
List the prime factors of 76.
2, 19
List the prime factors of 3099.
3, 1033
List the prime factors of 48025.
5, 17, 113
What are the prime factors of 707?
7, 101
What are the prime factors of 140149?
269, 521
List the prime factors of 67439.
17, 3967
List the prime factors of 60183.
3, 743
List the prime factors of 10108.
2, 7, 19
What are the prime factors of 1436?
2, 359
What are the prime factors of 9764?
2, 2441
List the prime factors of 8173.
11, 743
List the prime factors of 7946.
2, 29, 137
What are the prime factors of 5627?
17, 331
What are the prime factors of 4932?
2, 3, 137
List the prime factors of 4931.
4931
List the prime factors of 26856.
2, 3, 373
What are the prime factors of 19480?
2, 5, 487
List the prime factors of 4364.
2, 1091
What are the prime factors of 1520?
2, 5, 19
List the prime factors of 988.
2, 13, 19
List the prime factors of 1678.
2, 839
What are the prime factors of 3686?
2, 19, 97
List the prime factors of 16721.
23, 727
What are the prime factors of 1025?
5, 41
What are the prime factors of 4274?
2, 2137
List the prime factors of 46107.
3, 47, 109
List the prime factors of 665.
5, 7, 19
List the prime factors of 10483.
11, 953
What are the prime factors of 133084?
2, 7, 97
What are the prime factors of 3709?
3709
List the prime factors of 1379.
7, 197
List the prime factors of 612.
2, 3, 17
List the prime factors of 110843.
199, 557
List the prime factors of 96.
2, 3
List the prime factors of 54.
2, 3
List the prime factors of 310.
2, 5, 31
What are the prime factors of 104?
2, 13
What are the prime factors of 2464?
2, 7, 11
List the prime factors of 869.
11, 79
What are the prime factors of 5489?
11, 499
List the prime factors of 87082.
2, 43541
List the prime factors of 21709.
17, 1277
List the prime factors of 824.
2, 103
List the prime factors of 64782.
2, 3, 59, 61
List the prime factors of 2613.
3, 13, 67
What are the prime factors of 737?
11, 67
What are the prime factors of 7068?
2, 3, 19, 31
List the prime factors of 1071.
3, 7, 17
What are the prime factors of 166223?
113, 1471
What are the prime factors of 2345?
5, 7, 67
What are the prime factors of 16800?
2, 3, 5, 7
What are the prime factors of 7654?
2, 43, 89
What are the prime factors of 3671?
3671
What are the prime factors of 1828?
2, 457
List the prime factors of 557.
557
List the prime factors of 9.
3
List the prime factors of 12855.
3, 5, 857
What are the prime factors of 179959?
13, 109, 127
List the prime factors of 10909.
10909
What are the prime factors of 1659?
3, 7, 79
What are the prime factors of 19062?
2, 3, 353
What are the prime factors of 578?
2, 17
What are the prime factors of 21598?
2, 10799
What are the prime factors of 4612?
2, 1153
What are the prime factors of 6406?
2, 3203
List the prime factors of 2764.
2, 691
What are the prime factors of 5367?
3, 1789
What are the prime factors of 58296?
2, 3, 7, 347
List the prime factors of 796.
2, 199
List the prime factors of 8985.
3, 5, 599
List the prime factors of 70891.
70891
List the prime factors of 2117.
29, 73
What are the prime factors of 9438?
2, 3, 11, 13
What are the prime factors of 3070?
2, 5, 307
List the prime factors of 2353.
13, 181
What are the prime factors of 3349?
17, 197
What are the prime factors of 1750?
2, 5, 7
List the prime factors of 7294.
2, 7, 521
List the prime factors of 8828.
2, 2207
List the prime factors of 2586.
2, 3, 431
What are the prime factors of 13926?
2, 3, 11, 211
What are the prime factors of 54025?
5, 2161
List the prime factors of 22934.
2, 11467
What are the prime factors of 1415?
5, 283
List the prime factors of 50939.
7, 19, 383
What are the prime factors of 684?
2, 3, 19
List the prime factors of 3138.
2, 3, 523
List the prime factors of 34398.
2, 3, 7, 13
List the prime factors of 7222.
2, 23, 157
List the prime factors of 5802.
2, 3, 967
List the prime factors of 27534.
2, 3, 13, 353
List the prime factors of 3256.
2, 11, 37
List the prime factors of 1589.
7, 227
What are the prime factors of 1816?
2, 227
What are the prime factors of 42770?
2, 5, 7, 13, 47
List the prime factors of 246.
2, 3, 41
List the prime factors of 37922.
2, 67, 283
What are the prime factors of 2703?
3, 17, 53
What are the prime factors of 875?
5, 7
List the prime factors of 18258.
2, 3, 17, 179
What are the prime factors of 1067?
11, 97
List the prime factors of 86448.
2, 3, 1801
List the prime factors of 21802.
2, 11, 991
What are the prime factors of 6316?
2, 1579
List the prime factors of 12679.
31, 409
List the prime factors of 189337.
189337
What are the prime factors of 24435?
3, 5, 181
What are the prime factors of 1761?
3, 587
What are the prime factors of 1037?
17, 61
What are the prime factors of 19190?
2, 5, 19, 101
List the prime factors of 1347.
3, 449
What are the prime factors of 1258?
2, 17, 37
List the prime factors of 43177.
43177
List the prime factors of 17898.
2, 3, 19, 157
What are the prime factors of 2003?
2003
List the prime factors of 20680.
2, 5, 11, 47
List the prime factors of 1808.
2, 113
List the prime factors of 89912.
2, 11239
List the prime factors of 832.
2, 13
What are the prime factors of 1003?
17, 59
List the prime factors of 1124.
2, 281
What are the prime factors of 2625?
3, 5, 7
What are the prime factors of 54201?
3, 7, 29, 89
List the prime factors of 1425.
3, 5, 19
List the prime factors of 95132.
2, 17, 1399
What are the prime factors of 25327?
19, 31, 43
What are the prime factors of 107121?
3, 7, 5101
List the prime factors of 54829.
54829
What are the prime factors of 4985?
5, 997
List the prime factors of 4015.
5, 11, 73
List the prime factors of 320.
2, 5
List the prime factors of 52916.
2, 13229
List the prime factors of 134144.
2, 131
What are the prime factors of 88182?
2, 3, 23, 71
What are the prime f